 - -2?
-6200434265
In base 6, what is -420233212 - -5?
-420233203
In base 15, what is -e77e8a - -2a?
-e77e60
In base 3, what is -12001112 + -100200020?
-112201202
In base 13, what is 1 - 284a978?
-284a977
In base 15, what is -2 - 8464a4?
-8464a6
In base 6, what is -115145 - 100?
-115245
In base 14, what is 7545745 + 4?
7545749
In base 7, what is 6 - -246142611?
246142620
In base 9, what is -35826487 + 12?
-35826475
In base 12, what is 278 + -12682?
-12406
In base 6, what is 2431 + 101213?
104044
In base 2, what is -1001100110101 - -110010010101111011?
110001001001000110
In base 2, what is -10010111110 + -1001111000100111000?
-1001111010111110110
In base 6, what is 0 - -143050002?
143050002
In base 4, what is -2 - -100323301031?
100323301023
In base 13, what is -99c9 + -85a?
-a556
In base 10, what is -12 + -16435?
-16447
In base 6, what is 233 - -3153432?
3154105
In base 4, what is -202 + -231001213200?
-231001220002
In base 14, what is 20 + -1ac17d?
-1ac15d
In base 3, what is 1120110002220000 + -2?
1120110002212221
In base 7, what is -6131055 + -23?
-6131111
In base 13, what is -1a61 - 498c?
-6720
In base 4, what is 1233301 + -113001223?
-111101322
In base 16, what is -730d04 - -1?
-730d03
In base 8, what is 10 - 37054704?
-37054674
In base 7, what is -1 - -31351351?
31351350
In base 5, what is 0 - 31243444?
-31243444
In base 10, what is 4 + -10462200?
-10462196
In base 13, what is 8590 - -10cb?
968b
In base 4, what is -21 - 211100101000?
-211100101021
In base 16, what is -2565c - 27?
-25683
In base 14, what is -6aaa0 - 148?
-6ac08
In base 3, what is 10 - -1110112000012?
1110112000022
In base 16, what is -a28b + 37?
-a254
In base 15, what is -508a + -7bc?
-5857
In base 10, what is 2723073 - 7?
2723066
In base 11, what is 247 + 2205073?
220530a
In base 5, what is -2 - -1100410134?
1100410132
In base 13, what is 644a7 - -122?
645c9
In base 4, what is -11 + -10223233331?
-10223300002
In base 4, what is -133020 + 20211112?
20012032
In base 13, what is a + 141c15?
141c22
In base 4, what is 211302210 + 3300?
211312110
In base 8, what is -2344422 + 4?
-2344416
In base 3, what is 10 + 1002110200001?
1002110200011
In base 11, what is 3898537 - -4?
3898540
In base 6, what is -13 + 200240?
200223
In base 15, what is b166b - -12?
b167d
In base 4, what is -3213232 + -102222?
-3322120
In base 6, what is -15 - -1113145?
1113130
In base 6, what is 12530355 + -5?
12530350
In base 14, what is 170c90 - 21?
170c6d
In base 13, what is -15 - -85417?
85402
In base 5, what is 1 - 12042041022?
-12042041021
In base 4, what is -2202313311103 - 103?
-2202313311212
In base 2, what is -101001 - -101100101000011110111?
101100101000011001110
In base 11, what is 288a96 - -5?
288aa0
In base 11, what is -10568a - -25?
-105665
In base 3, what is -2 + -1202202122220?
-1202202122222
In base 5, what is 1043301010 - -333?
1043301343
In base 3, what is 2020121110112000 - 11?
2020121110111212
In base 14, what is 479c492 + 5?
479c497
In base 4, what is -132132 + 10210320?
10012122
In base 10, what is 1 + -1697680?
-1697679
In base 15, what is -7e24 - -1ea?
-7c29
In base 14, what is -825b9 + cd?
-824ca
In base 11, what is 1a + 2a601?
2a620
In base 2, what is -1010011111 + -111110111111011110?
-111111001001111101
In base 9, what is 1 - 5603375?
-5603374
In base 9, what is 70147837 + -7?
70147830
In base 13, what is 2039c0 + 0?
2039c0
In base 8, what is -1106600 + -515?
-1107315
In base 10, what is -1693 - 5390?
-7083
In base 6, what is -5 - -1012315022?
1012315013
In base 9, what is -17 + 6524742?
6524724
In base 8, what is -4 - -16634420?
16634414
In base 10, what is -3 - -94025142?
94025139
In base 3, what is 1000 - -2111020000201?
2111020001201
In base 10, what is 223500 + -64?
223436
In base 16, what is -19b2 + -b058?
-ca0a
In base 9, what is -372 + 1023813?
1023431
In base 5, what is -40400311 + 3241?
-40342020
In base 10, what is 0 + -143209777?
-143209777
In base 3, what is 101210101110 - 1011111?
101202012222
In base 16, what is -b4e92 + -9d?
-b4f2f
In base 14, what is -28da - a02?
-34dc
In base 5, what is 1011221322 + -2?
1011221320
In base 11, what is -1a2 - -2163?
1a71
In base 4, what is -20003013220 + -13?
-20003013233
In base 8, what is 141033 + 360?
141413
In base 5, what is 231311 + 10404?
242220
In base 9, what is 5 + 15330186?
15330202
In base 6, what is 133 + -124142532?
-124142355
In base 9, what is -1 + 3314120?
3314118
In base 6, what is -2025 + 2215352?
2213323
In base 12, what is -2 - -913b25a?
913b258
In base 9, what is -1581613 - -146?
-1581456
In base 16, what is 1 + -3e3d70?
-3e3d6f
In base 4, what is -121031310 - -111130?
-120320120
In base 7, what is 2165 - 15230?
-13032
In base 6, what is -115335511 + 0?
-115335511
In base 16, what is a + 20400b?
204015
In base 13, what is -a + -1965cb?
-196608
In base 15, what is -111 - -3532?
3421
In base 12, what is -2b92522b - 0?
-2b92522b
In base 5, what is -4343334 - 104302?
-10003141
In base 16, what is -26be0 - 1238?
-27e18
In base 12, what is -4 + -90b15a?
-90b162
In base 3, what is -2200 - -100112212?
100110012
In base 7, what is 4001 + -2610121?
-2603120
In base 12, what is -78b - 3a54aa?
-3a6079
In base 14, what is 0 + -44a832?
-44a832
In base 11, what is -1245394 - -472?
-1244a22
In base 7, what is 143 - 201141?
-200665
In base 10, what is 1989624 + 4?
1989628
In base 2, what is 100001110001 + -1011010001001?
-111000011000
In base 3, what is 1 + 10122011200111?
10122011200112
In base 2, what is -111101 - -1001111101111010?
1001111100111101
In base 4, what is -30013321012 - 13?
-30013321031
In base 7, what is -10516 - 1040?
-11556
In base 8, what is -3216235 + 41?
-3216174
In base 6, what is -3 - -5113224113?
5113224110
In base 10, what is 1819 - 140326?
-138507
In base 14, what is -1 + -3d6d456?
-3d6d457
In base 2, what is 111010100100110 - 1111001101?
111000101011001
In base 4, what is -13010200022 - -12?
-13010200010
In base 16, what is -158b92 - 13?
-158ba5
In base 7, what is -52463310 - 20?
-52463330
In base 13, what is -cc6cb + -15?
-cc713
In base 8, what is 10456321 - -1?
10456322
In base 4, what is -20210 - 3303021030?
-3303101300
In base 2, what is 101 + -100011010100000010000?
-100011010100000001011
In base 13, what is -9 - -39b369?
39b360
In base 9, what is -116317224 - 3?
-116317227
In base 7, what is -4 - 3460624?
-3460631
In base 6, what is -453 + 1513235?
1512342
In base 3, what is -11112222001112 - -1021?
-11112222000021
In base 12, what is -4a4a2 + -81?
-4a563
In base 3, what is 11201222200 + -1021001?
11200201122
In base 3, what is 2110101 + 202200100?
212010201
In base 16, what is 1 + -180051?
-180050
In base 13, what is 2a21b3 + 4?
2a21b7
In base 11, what is -170314 + -121?
-170435
In base 9, what is 5 + -25008165?
-25008160
In base 10, what is 26284 + -561?
25723
In base 7, what is -2236225 + 131?
-2236064
In base 4, what is 311320312203201 - 3?
311320312203132
In base 13, what is 10c42 - -415c?
150a1
In base 13, what is -4 + -1b5862?
-1b5866
In base 12, what is 1a625 + -295?
1a350
In base 7, what is 0 + 11650433?
11650433
In base 9, what is -57810 - 8700?
-67610
In base 13, what is 27c02 + -362a?
245a5
In base 3, what is -222 + -212021220122?
-212021221121
In base 7, what is 462621 + -300?
462321
In base 5, what is 12 + -1101330323?
-1101330311
In base 11, what is -36 - 5a62489?
-5a62514
In base 2, what is -11 - 100101100000000000110?
-100101100000000001001
In base 11, what is -98054 + 291?
-97873
In base 14, what is d171ca + -8?
d171c2
In base 5, what is -213 - -113031121?
113030403
In base 7, what is -24515 - -21604?
-2611
In base 6, what is -55531535 + 23?
-55531512
In base 11, what is -9a + 4455a3?
445504
In base 6, what is 1025353 - -500?
1030253
In base 13, what is -149bb379 + -3?
-149bb37c
In base 11, what is 136 + 21685?
21810
In base 5, what is 310342 - -13101?
323443
In base 12, what is 658a + 3693?
a061
In base 5, what is -21 + 110102400142?
110102400121
In base 15, what is -14e4c84a - 0?
-14e4c84a
In base 3, what is -102 - -212122200112?
212122200010
In base 5, what is 122022014211 + -1?
122022014210
In base 14, what is -173b - 242?
-197d
In base 16, what is -11c7ff2 - 4?
-11c7ff6
In base 2, what is -100111000000010101000011 - 111?
-100111000000010101001010
In base 2, what i